me?
True
Is 274061 a prime number?
True
Is 4187 a composite number?
True
Is 4421 composite?
False
Is 3581 prime?
True
Is 2334877 a prime number?
False
Is 1511 a prime number?
True
Is 6217 a composite number?
False
Is 1077 a prime number?
False
Is 65519 a prime number?
True
Is 743251 a prime number?
True
Is 23741 prime?
True
Is 800039 composite?
True
Is 19121 prime?
True
Is 9941 composite?
False
Is 1727 composite?
True
Is 1850291 a composite number?
True
Is 1312277 composite?
False
Is 864623 a composite number?
False
Is 18059 a composite number?
False
Is 250793 a prime number?
True
Is 102761 a composite number?
False
Is 93293 a prime number?
False
Is 319703 a composite number?
True
Is 5281591 a prime number?
False
Is 53479 prime?
True
Is 11099 a prime number?
False
Is 167861 prime?
True
Is 5327 a prime number?
False
Is 61027 a composite number?
False
Is 16271 a composite number?
True
Is 324559 composite?
True
Is 4861 prime?
True
Is 43027 composite?
True
Is 27613 composite?
True
Is 13017 prime?
False
Is 73939 a composite number?
False
Is 3683 prime?
False
Is 22381 prime?
True
Is 875701 a composite number?
False
Is 2003971 composite?
False
Is 53905 a composite number?
True
Is 13643 composite?
True
Is 119693 composite?
True
Is 16999 a prime number?
False
Is 117427 a prime number?
True
Is 901 a prime number?
False
Is 22613 a prime number?
True
Is 2274467 a composite number?
True
Is 839 a composite number?
False
Is 201029 a prime number?
False
Is 325439 a composite number?
False
Is 110945 a prime number?
False
Is 130241 a composite number?
False
Is 1901 prime?
True
Is 1205 composite?
True
Is 6191 prime?
False
Is 7493 a composite number?
True
Is 38717 composite?
True
Is 38953 a prime number?
True
Is 10369 a composite number?
False
Is 631 prime?
True
Is 1760177 a prime number?
False
Is 326751 prime?
False
Is 16183 a composite number?
False
Is 2734921 prime?
False
Is 207695 a prime number?
False
Is 747343 prime?
True
Is 5579 composite?
True
Is 216829 prime?
True
Is 263047 composite?
False
Is 1363 composite?
True
Is 168359 a composite number?
True
Is 81817 a composite number?
False
Is 37643 composite?
False
Is 401669 a prime number?
True
Is 1639 prime?
False
Is 701905 a composite number?
True
Is 649 composite?
True
Is 161797 a composite number?
True
Is 33997 a prime number?
True
Is 68297 a prime number?
False
Is 45497 prime?
True
Is 27499 composite?
True
Is 283079 a prime number?
True
Is 765307 prime?
True
Is 419 a composite number?
False
Is 21427 prime?
False
Is 26827 composite?
True
Is 422431 a composite number?
False
Is 133949 a prime number?
True
Is 702005 prime?
False
Is 1196809 a prime number?
True
Is 866051 a prime number?
True
Is 878 a prime number?
False
Is 4701 a composite number?
True
Is 207667 a prime number?
False
Is 57127 prime?
False
Is 386219 composite?
False
Is 755 prime?
False
Is 26777 a prime number?
True
Is 4747 composite?
True
Is 866513 prime?
True
Is 113818 a prime number?
False
Is 2965681 a prime number?
True
Is 20981 prime?
True
Is 276863 a prime number?
False
Is 152169 prime?
False
Is 521239 a prime number?
False
Is 45811 a composite number?
True
Is 24943 a prime number?
True
Is 1733 composite?
False
Is 5077 a prime number?
True
Is 926921 a composite number?
False
Is 226691 prime?
True
Is 901029 prime?
False
Is 3877 a composite number?
False
Is 3077 prime?
False
Is 8033 a prime number?
False
Is 15955 a composite number?
True
Is 52963 prime?
True
Is 194353 a composite number?
False
Is 604297 a composite number?
True
Is 185441 a composite number?
False
Is 12323 prime?
True
Is 1735673 prime?
True
Is 76811 composite?
True
Is 1541767 prime?
False
Is 4637 prime?
True
Is 752221 prime?
False
Is 7261 prime?
False
Is 1597 prime?
True
Is 36619 composite?
True
Is 1249 a composite number?
False
Is 4637 a prime number?
True
Is 694717 a prime number?
True
Is 753197 composite?
False
Is 22259 composite?
False
Is 215633 prime?
False
Is 134609 composite?
False
Is 5549 prime?
False
Is 54193 composite?
False
Is 1418 a composite number?
True
Is 410849 prime?
False
Is 660493 a composite number?
False
Is 248959 a prime number?
False
Is 87553 composite?
False
Is 99523 composite?
False
Is 133501 composite?
True
Is 9257 a prime number?
True
Is 853015 a composite number?
True
Is 49597 composite?
False
Is 2767 composite?
False
Is 166919 a composite number?
False
Is 2302 a prime number?
False
Is 131231 a prime number?
True
Is 20177 prime?
True
Is 514441 prime?
False
Is 715177 a composite number?
True
Is 222634 prime?
False
Is 8023 composite?
True
Is 129457 prime?
True
Is 652183 a prime number?
False
Is 1231 a prime number?
True
Is 85001 composite?
True
Is 2844263 a composite number?
False
Is 30179 a composite number?
True
Is 1621 composite?
False
Is 38866 composite?
True
Is 1434107 prime?
True
Is 84701 composite?
False
Is 918301 a composite number?
False
Is 270401 a composite number?
True
Is 17231 prime?
True
Is 59003 a prime number?
False
Is 11965 a prime number?
False
Is 8727 prime?
False
Is 46993 composite?
False
Is 4783 composite?
False
Is 37273 composite?
False
Is 64763 a composite number?
False
Is 98191 a composite number?
True
Is 34285 composite?
True
Is 9277 a prime number?
True
Is 382229 prime?
True
Is 33861 composite?
True
Is 635 prime?
False
Is 18583 a prime number?
True
Is 1361 prime?
True
Is 24239 composite?
False
Is 56801 prime?
False
Is 15427 a composite number?
False
Is 6733 a composite number?
False
Is 88897 prime?
True
Is 210071 a composite number?
False
Is 11129 composite?
True
Is 147337 prime?
False
Is 60141 a prime number?
False
Is 632189 composite?
False
Is 7318 a prime number?
False
Is 1135531 a composite number?
False
Is 255043 a prime number?
True
Is 3809 composite?
True
Is 37919 prime?
False
Is 12611 prime?
True
Is 136811 prime?
True
Is 2503 prime?
True
Is 67885 composite?
True
Is 7509839 prime?
True
Is 2181419 composite?
False
Is 77 a composite number?
True
Is 205 a composite number?
True
Is 527645 a prime number?
False
Is 126137 prime?
False
Is 20183 a composite number?
False
Is 1691069 prime?
True
Is 51115 prime?
False
Is 1061 a prime number?
True
Is 8335 a prime number?
False
Is 760943 a composite number?
True
Is 11705 composite?
True
Is 43109 a composite number?
True
Is 11962 prime?
False
Is 23971 composite?
False
Is 7061 a composite number?
True
Is 41053 composite?
True
Is 33827 prime?
True
Is 21269 prime?
True
Is 78005 composite?
True
Is 455873 a prime number?
False
Is 2179 a prime number?
True
Is 6287 a prime number?
True
Is 4159105 prime?
False
Is 16493 prime?
True
Is 2333 prime?
True
Is 4841 a prime number?
False
Is 613 composite?
False
Is 4903043 composite?
False
Is 42503 a prime number?
False
Is 584621 prime?
True
Is 158647 a composite number?
False
Is 3277 a prime number?
False
Is 19511 prime?
False
Is 67987 a composite number?
False
Is 18517 a composite number?
False
Is 294337 composite?
False
Is 9937 a prime number?
False
Is 694951 prime?
True
Is 15769 a composite number?
True
Is 1039 a prime number?
True
Is 197957 a prime number?
True
Is 245197 a prime number?
False
Is 599398 prime?
False
Is 31709 a composite number?
True
Is 1151 prime?
True
Is 516631 composite?
True
Is 1459 composite?
False
Is 1192313 a composite number?
True
Is 1543 a composite number?
False
Is 15527 composite?
False
Is 483461 composite?
True
Is 993 prime?
False
Is 751 composite?
False
Is 19349 prime?
False
Is 39626 prime?
False
Is 202789 composite?
True
Is 923459 prime?
False
Is 2232739 composite?
True
Is 9917 prime?
False
Is 123339 composite?
True
Is 3991 a composite number?
True
Is 322709 a prime number?
True
Is 188459 a prime number?
True
Is 80609 prime?
False
Is 1657 a composite number?
False
Is 8383 a composite number?
True
Is 120811 a prime number?
True
Is 447497 a prime number?
False
Is 3017 a prime number?
False
Is 276209 composite?
False
Is 203713 a prime number?
True
Is 121133 a composite number?
True
Is 8331 a prime number?
False
Is 1046013 composite?
True
Is 2435243 a prime number?
True
Is 28007 prime?
False
Is 21283 a prime number?
True
Is 135347 a composite number?
False
Is 124861 prime?
False
Is 72421 a composite number?
False
Is 17281 a prime number?
False
Is 387613 a prime number?
True
Is 56585 composite?
True
Is 87506 prime?